on divisor of 3 and o.
1
Let t(s) = -2*s - 6. Let x be t(-5). Suppose -38 = -2*r + x*v, 3*r - 81 = -v - v. Let j be -1 + 1 - -3 - -2. Calculate the greatest common factor of j and r.
5
Let k = 19 - -3. Calculate the greatest common factor of k and 110.
22
Suppose -572 - 478 = -10*p. What is the highest common factor of 35 and p?
35
Suppose 20 = -5*h + 3*h. Let a = h - -12. Calculate the greatest common divisor of a and 8.
2
Let l(x) = 180*x**2. Let b be l(1). Suppose 5*f = 370 + b. What is the highest common factor of f and 22?
22
Let j be (-28)/(-6) - 4/(-12). Suppose -10 + 102 = j*p - 4*m, 2*m - 24 = -p. Let y = -7 + 15. What is the greatest common divisor of y and p?
4
Let o = -25 + 65. Suppose -4*x + o = -56. Suppose x = a + a. What is the highest common divisor of 6 and a?
6
Suppose -u = u. Suppose k = 5*n - n - 221, -4*n + 5*k + 241 = u. Let w = 19 - 1. Calculate the highest common factor of w and n.
18
Suppose -3*r + 2*o + 3*o = -167, -82 = -2*r - 4*o. Let y = r - -43. What is the highest common factor of 23 and y?
23
Let o be (88 - -7)*16/10. Let w be 4/((-2)/(-4)*1). Let c be o/3 + w/(-12). Calculate the greatest common divisor of 10 and c.
10
Suppose -4*m = 4*x - 32, -4*x - 7*m + 34 = -2*m. Suppose -4*y + 30 = x. What is the greatest common factor of y and 66?
6
Let q = -100 - -109. Let m = -5 + 11. What is the greatest common factor of m and q?
3
Let h(o) = 0*o**3 + 4 + 0*o**3 - 5*o + 0*o**3 + o**3. Let k be h(3). Let r = k - -2. Calculate the highest common factor of 6 and r.
6
Let g(z) = -2*z - 1. Let v(l) = -10*l - 4. Let h(m) = 22*g(m) - 4*v(m). Let k be h(-4). What is the highest common factor of 10 and k?
10
Let m(x) = 22*x**2 - x + 1. Let n be m(1). Suppose 20 = 5*p, -4*p + 159 = 2*v + 55. What is the highest common divisor of v and n?
22
Suppose -s + 30 = -5*u, s = 2*u - 5*u + 46. Suppose 0 = 4*w + 9 - 49. Calculate the highest common factor of w and s.
10
Let m(l) = -l + 2. Let q be m(0). Let d = q - 1. Calculate the greatest common factor of d and 9.
1
Let q be 84/(-15) + (-4)/10. Let g be 1/(1/q - 0). Let h be 2/g + 106/3. What is the highest common divisor of h and 5?
5
Suppose m = -5 - 21. Suppose a - 132 = -2*a. Let f = a + m. What is the greatest common factor of f and 9?
9
Let y(t) = -2*t + 14. Let h be (-1 + 1)/(-9 - -6). Let f be y(h). What is the greatest common factor of f and 21?
7
Suppose -4*f + 46 = 3*u, 0*f - 5*f = u - 52. What is the highest common divisor of 2 and f?
2
Let d be -2*(-2)/4 + -37. Let v be (-1)/5 + d/(-5). What is the greatest common factor of 49 and v?
7
Suppose -5*h + s = -h - 19, 0 = 3*h + 3*s - 3. Suppose -r + h*i + 21 + 34 = 0, 4*i - 260 = -4*r. Calculate the greatest common divisor of 7 and r.
7
Let d be 5*14 - (-1 - -1). Suppose -m = 5*r - 17 - 23, 5*m - 120 = -5*r. Suppose -4*i = -2*i - m. Calculate the greatest common divisor of i and d.
10
Suppose -92 = -0*j + 2*j. Let b = -8 - j. Suppose 4*y = -20, 4*y = -2*f + 93 + 1. Calculate the greatest common factor of f and b.
19
Let f = 40 + -24. Let y = f + -10. Suppose l = -4*v + 17, 0 = 2*l + 2*v - 13 - 9. Calculate the highest common factor of y and l.
3
Suppose 0*j = j - 223. Suppose 4*f = 8, -8*l + 3*l + f = -j. Calculate the highest common factor of 5 and l.
5
Let y(m) = m**3 + 8*m**2 - 6*m + 8. Let h be y(-7). Suppose -5*n + 59 = k, -5*k + 7 = -13. Calculate the greatest common factor of h and n.
11
Let y = 41 + -39. Let i be (0 - -1)*1 + 1. What is the greatest common factor of y and i?
2
Let h(r) = -5*r**3 - 6*r**2 - 4*r - 3. Let y be h(-3). Let w = -2 - 3. Let l be (2/w)/((-2)/50). What is the highest common divisor of y and l?
10
Let a = 27 - 24. What is the greatest common divisor of a and 27?
3
Suppose -4*l + z + 64 = -59, -2*z - 96 = -3*l. What is the greatest common factor of 15 and l?
15
Let d(v) = -3*v - 4. Let f be d(-2). Suppose f*p + 3*j = -5, 2*j - 5 = 4*p - 19. Let n be (3/2)/(3/4). What is the highest common divisor of p and n?
2
Let r be 24/(-10)*(-10)/4. What is the greatest common divisor of 66 and r?
6
Let k be 15/25*5 - 0. Calculate the highest common divisor of k and 1.
1
Let l be ((-27)/2)/(8/(-112)). Calculate the greatest common divisor of 21 and l.
21
Let d(y) = y**3 + 9*y**2 + 7*y - 8. Let c be d(-8). Suppose -4*z + 3*n - 3 = -c*n, -4*n = -20. Calculate the highest common divisor of z and 9.
3
Suppose -2 = 9*h - 11*h. Calculate the highest common divisor of 9 and h.
1
Let k = 5 - 3. Suppose -4*f - 10 = -k*z - f, 2*f = 2*z - 8. Let i be (z + -29)/((-6)/4). Calculate the greatest common factor of 6 and i.
6
Let l(h) = 15*h**2. Let o be l(2). Let i be ((-20)/6)/((-8)/o). Let f(p) = 2*p**2 + 7*p + 6. Let j be f(-4). What is the greatest common divisor of j and i?
5
Let o = 129 + 17. Let h = -1 + o. Calculate the highest common divisor of 29 and h.
29
Suppose n - 3 = 12. Let v be (n + (3 - 2))/1. Let h(z) = 5*z**2 - 5*z - 6. Let y be h(6). Calculate the greatest common factor of v and y.
16
Let z = -18 + 4. Let j = 22 + z. What is the greatest common divisor of j and 40?
8
Let p be -10 - -16 - (2 + 2). Let o be 1*p - (-11 + 10). What is the highest common factor of o and 27?
3
Let o(t) = -10*t - 18. Let v be o(-13). What is the highest common factor of 16 and v?
16
Let k = 19 + -9. Let i(m) = -m - 3. Let v be i(-4). Suppose -v = -t + 1. What is the greatest common factor of t and k?
2
Suppose 6*h + h = 63. Let v(r) = r. Let i be v(3). What is the greatest common factor of i and h?
3
Suppose -2*d + 122 + 119 = 3*c, -4*c + 2*d = -298. Suppose 0 = 4*k + 5*y - 28, 5*k - 5*y - 1 = 34. Calculate the highest common factor of k and c.
7
Let g = 139 + -95. Let p be ((-1)/1)/(1/(-7)). Suppose -4*t = -p*t + 12. What is the greatest common divisor of t and g?
4
Let a(k) = -8*k + 16. Let h be a(9). Let f = h - -95. Calculate the highest common divisor of 13 and f.
13
Let n = 68 - -44. Suppose 0*r = -3*r + 2*v + 86, -110 = -4*r + 5*v. Suppose -3*b = -12 - r. Calculate the highest common divisor of b and n.
14
Let h = -21 + 18. Let l = h + 4. What is the highest common factor of l and 3?
1
Let n be (-2)/4 + 11/2. Suppose 4*t - 60 = -2*u, 3*u = -t - 2*t + 75. Calculate the highest common divisor of n and u.
5
Suppose 10 = 5*f - 5. Let d(p) = 3*p**2 + p - 1. Let a be d(-2). Calculate the greatest common divisor of a and f.
3
Let g(i) = i**2 + 3*i - 13. Let n be g(10). Suppose 6*m - 26 = 4*m. What is the greatest common factor of m and n?
13
Suppose n = -4*n + 3*y + 6, 0 = 4*n + 2*y - 18. Calculate the highest common divisor of n and 21.
3
Let b be (-2*1)/(-5 - -7). Let v(h) = -3*h - 1. Let d be v(b). Suppose -60 = -i + 3*q, -i + 51 - 6 = d*q. Calculate the greatest common divisor of i and 17.
17
Let z(y) = -5*y**3 + y**2 - 3*y + 1. Let b(q) = q**3 + q**2 + q - 1. Let t(l) = 6*b(l) + z(l). Let a be t(-5). What is the greatest common divisor of a and 45?
15
Suppose -129*n + 124*n = -575. Suppose 0 = 2*v - 3*w - 52, -48 = -2*v + 5*w - 4*w. What is the highest common divisor of v and n?
23
Let t be (-114)/(-2) + (-3 - 0). Let k = -19 + t. What is the greatest common factor of 5 and k?
5
Let z be (0 - (0 - 0))/(-1). Let o be 108 + z - 1/1. Suppose j = o - 2. Calculate the greatest common divisor of j and 15.
15
Suppose -4*n = 16 - 52. Let d = -3 + n. Suppose -44 = -2*v - 2*v + 4*j, 0 = 3*v + 3*j - 3. Calculate the greatest common divisor of d and v.
6
Let p be 6/(-18) - (-2)/6. Suppose p = 4*f - 31 - 177. What is the highest common factor of f and 13?
13
Suppose 2*t = -2*t + 496. Suppose -m + 4*l = -t, 2*m - 49 = 5*l + 196. Suppose 4*q - m = -24. Calculate the greatest common divisor of 6 and q.
6
Suppose -2*k + 32 = -4*o, 0*k - 3*o - 51 = -3*k. What is the greatest common factor of k and 54?
18
Let a(h) = 8*h**2 - 4*h. Let p be a(3). Let o be 0 - -70*(-3)/6. Let y be 244/10 + 14/o. What is the highest common factor of p and y?
12
Let h = -29 + 161. Suppose h = -q + 3*q. Let s be (-4)/6 - (-240)/36. Calculate the highest common divisor of q and s.
6
Suppose -4*y + 0*y + 252 = 0. What is the highest common factor of y and 9?
9
Let g(r) = -3*r - 1. Let s be g(-2). Suppose 31 + 104 = s*d. Calculate the greatest common divisor of d and 18.
9
Let y = -8 - -12. Let m be y/16 - 143/(-4). What is the greatest common divisor of 9 and m?
